{"id":238,"date":"2025-08-21T11:35:23","date_gmt":"2025-08-21T11:35:23","guid":{"rendered":"https:\/\/www.morgane-novadesk.fr\/?page_id=238"},"modified":"2025-08-22T08:59:44","modified_gmt":"2025-08-22T08:59:44","slug":"mentions-legales","status":"publish","type":"page","link":"https:\/\/www.morgane-novadesk.fr\/?page_id=238","title":{"rendered":"Mentions l\u00e9gales"},"content":{"rendered":"\n<p><strong>\u00c9diteur du site<\/strong><br>Nom : Morgane Na\u00ebl<br>Statut : Micro-entrepreneure<br>SIRET : 988 399 119 00011<br>Adresse : Sartrouville &#8211; 78500<br>Email : contact@morgane-novadesk.fr<br>T\u00e9l\u00e9phone : 06 68 18 33 69<\/p>\n\n\n\n<p><strong>Responsable de la publication<\/strong><br>Morgane Na\u00ebl, en qualit\u00e9 de dirigeante de la soci\u00e9t\u00e9<\/p>\n\n\n\n<p><strong>H\u00e9bergement du site<\/strong><br>Nom de l\u2019h\u00e9bergeur : OVH<br>Adresse : 2 rue kellermann BP 80157 59053 ROUBAIX CEDEX 1 &#8211; France<\/p>\n\n\n\n<p><strong>Conditions d&rsquo;utilisation<\/strong><\/p>\n\n\n\n<p>L\u2019acc\u00e8s et l\u2019utilisation du site www.morgane-novadesk.fr impliquent l\u2019acceptation pleine et enti\u00e8re des pr\u00e9sentes conditions d\u2019utilisation.<\/p>\n\n\n\n<p>Le contenu du site est fourni \u00e0 titre informatif. L\u2019\u00e9diteur se r\u00e9serve le droit de modifier, suspendre ou supprimer tout ou partie du site sans pr\u00e9avis.<\/p>\n\n\n\n<p>L\u2019utilisateur s\u2019engage \u00e0 ne pas porter atteinte au bon fonctionnement du site, ni \u00e0 utiliser les informations \u00e0 des fins illicites ou commerciales sans autorisation.<\/p>\n\n\n\n<p>Toute reproduction, repr\u00e9sentation ou exploitation du contenu (textes, images, etc.) est interdite sans autorisation pr\u00e9alable.<\/p>\n\n\n\n<p><strong>Propri\u00e9t\u00e9 intellectuelle<\/strong><br>L\u2019ensemble des contenus pr\u00e9sents sur ce site (textes, images, logos, etc.) sont la propri\u00e9t\u00e9 exclusive de Morgane Na\u00ebl sauf mention contraire. Toute reproduction, distribution ou utilisation sans autorisation pr\u00e9alable est strictement interdite.<\/p>\n\n\n\n<p><strong>Protection des donn\u00e9es personnelles &amp; Droit d&rsquo;acc\u00e8s<\/strong><br>Les donn\u00e9es collect\u00e9es via les formulaires du site sont utilis\u00e9es uniquement pour r\u00e9pondre \u00e0 vos demandes, elles ne sont ni revendues ni utilis\u00e9es \u00e0 des fins commerciales. Conform\u00e9ment au R\u00e8glement G\u00e9n\u00e9ral sur la Protection des Donn\u00e9es (RGPD), vous disposez d\u2019un droit d\u2019acc\u00e8s, de rectification et de suppression de vos donn\u00e9es. Pour exercer ce droit, contactez-moi \u00e0 l\u2019adresse : contact@morgane-novadesk.fr <\/p>\n\n\n\n<p>Toute demande sera trait\u00e9e dans un d\u00e9lai maximum de 30 jours, conform\u00e9ment aux dispositions l\u00e9gales en vigueur.<\/p>\n\n\n\n<p><strong>Cookies<\/strong><br>Ce site peut utiliser des cookies pour am\u00e9liorer l\u2019exp\u00e9rience utilisateur. Vous pouvez accepter ou refuser leur utilisation via le bandeau pr\u00e9vu \u00e0 cet effet lors de votre visite<\/p>\n\n\n\n<p><strong>Responsabilit\u00e9s<\/strong><\/p>\n\n\n\n<p>L\u2019\u00e9diteur du site www.morgane-novadesk.fr s\u2019efforce de fournir des informations fiables et r\u00e9guli\u00e8rement mises \u00e0 jour. Toutefois, des erreurs ou omissions peuvent survenir. L\u2019utilisateur est donc invit\u00e9 \u00e0 v\u00e9rifier l\u2019exactitude des informations et \u00e0 signaler toute anomalie.<\/p>\n\n\n\n<p>L\u2019\u00e9diteur ne saurait \u00eatre tenu responsable des dommages directs ou indirects r\u00e9sultant de l\u2019acc\u00e8s ou de l\u2019utilisation du site, y compris en cas d\u2019interruption, de dysfonctionnement ou de pr\u00e9sence de virus.<\/p>\n\n\n\n<p>Les liens hypertextes pr\u00e9sents sur le site peuvent conduire vers des sites tiers. L\u2019\u00e9diteur n\u2019exerce aucun contr\u00f4le sur ces sites et d\u00e9cline toute responsabilit\u00e9 quant \u00e0 leur contenu ou leur politique de confidentialit\u00e9<\/p>\n\n\n\n<div style=\"height:100px\" aria-hidden=\"true\" class=\"wp-block-spacer\"><\/div>\n","protected":false},"excerpt":{"rendered":"<p>\u00c9diteur du siteNom : Morgane Na\u00eblStatut : Micro-entrepreneureSIRET : 988 399 119 00011Adresse : Sartrouville &#8211; 78500Email : contact@morgane-novadesk.frT\u00e9l\u00e9phone : 06 68 18 33 69 Responsable de la publicationMorgane Na\u00ebl, en qualit\u00e9 de dirigeante de la soci\u00e9t\u00e9 H\u00e9bergement du siteNom de l\u2019h\u00e9bergeur : OVHAdresse : 2 rue kellermann BP 80157 [&hellip;]<\/p>\n","protected":false},"author":1,"featured_media":0,"parent":0,"menu_order":0,"comment_status":"closed","ping_status":"closed","template":"","meta":{"footnotes":""},"class_list":["post-238","page","type-page","status-publish","hentry"],"_links":{"self":[{"href":"https:\/\/www.morgane-novadesk.fr\/index.php?rest_route=\/wp\/v2\/pages\/238","targetHints":{"allow":["GET"]}}],"collection":[{"href":"https:\/\/www.morgane-novadesk.fr\/index.php?rest_route=\/wp\/v2\/pages"}],"about":[{"href":"https:\/\/www.morgane-novadesk.fr\/index.php?rest_route=\/wp\/v2\/types\/page"}],"author":[{"embeddable":true,"href":"https:\/\/www.morgane-novadesk.fr\/index.php?rest_route=\/wp\/v2\/users\/1"}],"replies":[{"embeddable":true,"href":"https:\/\/www.morgane-novadesk.fr\/index.php?rest_route=%2Fwp%2Fv2%2Fcomments&post=238"}],"version-history":[{"count":3,"href":"https:\/\/www.morgane-novadesk.fr\/index.php?rest_route=\/wp\/v2\/pages\/238\/revisions"}],"predecessor-version":[{"id":277,"href":"https:\/\/www.morgane-novadesk.fr\/index.php?rest_route=\/wp\/v2\/pages\/238\/revisions\/277"}],"wp:attachment":[{"href":"https:\/\/www.morgane-novadesk.fr\/index.php?rest_route=%2Fwp%2Fv2%2Fmedia&parent=238"}],"curies":[{"name":"wp","href":"https:\/\/api.w.org\/{rel}","templated":true}]}}